
Let d(f) = f**3 - 3*f**2 - 10*f. Let g be d(5). Suppose -4*k - 4 = -g. Let h(b) = -7*b**3 + b**2 + b. Give h(k).
7
Let z(y) = -11*y**2 - 7*y - 23. Let n(h) = -7*h**2 - 5*h - 15. Let w(l) = 8*n(l) - 5*z(l). Suppose -j + 30 = 4*j. Let d be 25/(-6) + 1/j. Determine w(d).
-1
Let h(i) = -4*i - 10. Let l(p) = -9*p - 20. Let b(d) = 7*h(d) - 3*l(d). Suppose 3*j + 20 = 5*k, 3*j + k = -k - 13. Calculate b(j).
-5
Let m(l) = 129*l**3 - 260*l**3 - 13*l**2 + 132*l**3 - 8. Give m(13).
-8
Let v(p) = p + 4. Let o be v(-3). Let f be (0 - 0/(-1)) + o. Let l(y) be the second derivative of -7*y**3/6 + y**2/2 - 5*y. Give l(f).
-6
Let p(y) = 23*y - 1. Suppose 5*t - 5*n + 5 = 0, 2*t + 2*n = 5*n - 4. What is p(t)?
22
Let r(q) = q + 149*q**3 + 4*q**2 - 2 + 0*q**2 - 148*q**3 + 0*q. What is r(-3)?
4
Let p(i) = -i - 1. Let b = -14 + 18. Calculate p(b).
-5
Suppose 0*i + 10 = -5*w - 2*i, 0 = 4*i - 20. Let l(z) = 20*z + 20*z - 39*z. Calculate l(w).
-4
Let z(s) = -9*s**2 + 20*s + 21. Let o(k) = 5*k**2 - 11*k - 11. Let h(b) = -7*o(b) - 4*z(b). Suppose 0 = 3*w - 6, 0*v - 4 = -2*v + 3*w. Determine h(v).
3
Suppose 5*a + 197 = 212. Let m(s) be the third derivative of s**2 + 1/6*s**a + 0*s**4 + 0 + 0*s - 1/12*s**5. Give m(-1).
-4
Let n(j) = j**2 - 7*j + 2. Let r be (-24)/10*(20/(-6) - 0). Give n(r).
10
Let f be (-12)/(-6) - (-3 - -1). Let r(n) be the first derivative of n - 7/4*n**f + 0*n**3 - 2 + 0*n**2. Give r(-1).
8
Let d(o) be the first derivative of 11*o**4/4 + 13*o**3/3 - 5*o**2/2 - 13*o - 3. Let m(n) = -3*n**3 - 3*n**2 + n + 3. Let u(c) = 2*d(c) + 9*m(c). What is u(1)?
-6
Let f(v) = -v**3 - 10*v**2 + 12*v + 13. Let z be f(-11). Let r(m) = -3*m**2 + 2*m - 3. Let s(u) = -u**2. Let d(i) = z*s(i) - r(i). What is d(4)?
11
Let a(m) = -m**3 + 4*m**2 + 3*m + 5. Let v be a(5). Suppose 18 = 4*u - 2, 1 = -2*n + u. Let s(b) = n + b + 6 - 2. Determine s(v).
1
Let n(f) = f**2 - 4*f + 4. Suppose -5*g + 0*g = -20. Give n(g).
4
Let a = 2 + 1. Let m(f) = 2*f**2 - 8*f - 4*f**2 + a*f**2 + 7. Calculate m(5).
-8
Suppose 2*s + 2*s = -16. Let w(h) = 5*h**3 + h**2 - 5. Let v(n) = 6*n**3 - n - 6. Let r(m) = 4*v(m) - 5*w(m). Determine r(s).
1
Let u = -14 + 15. Let j(v) = -4*v**3 + v**2 - 2*v + 1. What is j(u)?
-4
Suppose 3*p - 2 = 1. Let v(l) = -7*l + 1. Determine v(p).
-6
Let f(l) = -l**2 - 5*l + 4. Suppose -12 = -4*d - 3*j + j, -2*d - 4*j = -12. Suppose -d*x = 2*x - 4. Let u = -6 + x. Calculate f(u).
4
Let j(u) be the first derivative of 3 - 1/2*u**2 + 7*u. Calculate j(6).
1
Let c(i) = 0*i**3 + 2*i + 2*i**2 - 6*i**2 + i**3 + 0*i**3 - 4. What is c(3)?
-7
Let z(c) = -c**2 - c. Let l(a) = a**3 - a - 1. Suppose -3*o + 3*p = 7*p + 15, 3*o = -p - 6. Let v(w) = o*l(w) + 5*z(w). What is v(-3)?
-5
Suppose 3*m = 9, -f + 5*m - 12 + 2 = 0. Let l(c) = 0*c + c**2 - f*c + c - 3*c + 2. Give l(6).
-4
Suppose -2*b = -4*m - 28, b = -0 + 2. Let c(x) = x**2 + 8*x + 8. Let z be c(m). Let q(o) = -o**3 - 18*o**2 + 13*o**2 - 4 + 2 + 1 - 5*o. Calculate q(z).
3
Let c(q) be the first derivative of 11*q**2/2 + q + 23. Calculate c(1).
12
Let t(h) = 0*h - 5*h**2 - h - 2*h**2 + 1 + 10*h**2. What is t(2)?
11
Let y(p) = 3*p - 5. Suppose 5*t = 3*m + 26, 0 = 2*t - 3*m - 0*m - 14. Calculate y(t).
7
Let v(d) = 4*d**2 - 1 + 3 + d**3 - 3 - d. Determine v(-4).
3
Suppose -a = a + 10. Let g(t) = 3*t - 9. Let d(i) = 5*i - 17. Let r(x) = -4*d(x) + 7*g(x). Calculate r(a).
0
Let d be 4/(-10) - (40/(-25))/4. Let r(b) = b + 9. Calculate r(d).
9
Let z(p) = 5*p**2 + 2. Let b(o) = -5*o**2 + o - 2. Let u(a) = -4*b(a) - 3*z(a). Calculate u(2).
14
Suppose 2*f + 2*c = -2*c + 14, f - 7 = 3*c. Suppose 0 = 4*d - f*d + 18. Let m(u) = u**2 - 4*u - u + u - 7. Determine m(d).
5
Let x(v) = 2*v**3 + 3*v**2 + v + 1. Suppose -3*s - 9 = -0*s - 3*r, 0 = 4*s + 3*r - 9. Suppose s = -3*p - 1 - 5. Give x(p).
-5
Let p(w) = -w**3 - 3*w**2 - 4*w - 2. Suppose -2*q + 12 = -h - 0*q, 4*h + 23 = 3*q. Give p(h).
2
Let r(h) = 3*h + 12. Let o(f) = f + 1. Let g(d) = -4*o(d) + r(d). Calculate g(8).
0
Let r(w) = w**2 - 6*w - 2. Let c(j) = -4*j + 2. Let u be 1 + 2/(-1) + -1. Let l be c(u). Suppose 2 = 3*o - l. What is r(o)?
-10
Let c(v) = v**2 + 4*v - 6. Let g(x) = -x**2 + 3*x + 4. Let b be g(-2). Give c(b).
6
Let l(i) = -3*i + 2. Let d be (2/(-3))/((-11)/(-33)). Give l(d).
8
Let p(k) = -7*k + 5. Let v(i) = -i. Let b(o) = p(o) - 6*v(o). Let m be ((-4)/(-6) - 0) + (-78)/(-18). Let g be b(m). Let r(n) = -n**2 - n + 4. What is r(g)?
4
Let d be (18/(-6) + 4)*(-6)/(-2). Let r(i) be the first derivative of i**2 + 3 + i + 1/2*i**4 + 1/3*i**d. Give r(-1).
-2
Let g(f) be the third derivative of -f**4/8 + f**3/6 + 33*f**2 + f. Suppose -3*y - 2*m = 1 - 2, 6 = 3*m. Determine g(y).
4
Let x(a) = 2*a**3 + 4*a**2 - 2*a - 2. Let f(r) = -r**3 - r**2 + 1. Let k(c) = 3*f(c) + x(c). Suppose 5*w + 15 = 0, -5*w = -5*i + 24 - 4. Determine k(i).
-1
Suppose 5*p - 2 + 7 = 0. Let z be (1 - p) + (-1)/1. Suppose -5*q = -z - 14. Let t(c) = -c**2 + 2*c + 2. Calculate t(q).
-1
Let p(a) = -a**3 + 4*a**2 + 8*a - 8. Let r be p(5). Let v(y) = -y**2 + 6*y + 6. Calculate v(r).
-1
Let k = 81/7 + -155/14. Let g(z) be the first derivative of 8*z - 1 - k*z**2. Calculate g(0).
8
Let w(u) = -u - 5. Let q be ((-9)/12)/((-1)/(-8)). Let x be w(q). Let g(b) = -x + 0 + 2 + 2*b. Calculate g(2).
5
Let t(q) = -2*q**3 + q**2 - q. Let j = -15 + 16. Give t(j).
-2
Let h(b) = -3*b**3 + 4*b**2 + 7*b + 7. Let t(j) = -16*j**3 + 19*j**2 + 35*j + 35. Let i(w) = 11*h(w) - 2*t(w). What is i(7)?
7
Let f(o) = -o + 7. Let s(z) = z**2 - 17*z - 19. Let y be s(18). Let a(r) = -7*r**3 - 2*r**2 + r + 2. Let n be a(y). What is f(n)?
1
Let b(c) = -c**2 + 4*c - 1. Let f(z) = -7*z**3 - 2*z**2 - 2*z - 1. Let x = -1 - 0. Let j be f(x). Suppose j = p + 1. Give b(p).
-6
Let z(d) = -d + 7. Let o be z(0). Suppose 8*q - o*q = 0. Let p(b) be the second derivative of -b**4/12 - b**3/6 + 3*b**2 + b. Determine p(q).
6
Let n(m) = m**2 - 2. Let d be n(-2). Let s(t) be the second derivative of -2*t**3/3 + 2*t. Calculate s(d).
-8
Let o(s) be the third derivative of s**5/60 - s**4/6 + 4*s**2. Determine o(2).
-4
Let n(v) be the third derivative of v**6/120 + v**5/15 + v**4/24 - v**3/2 - 10*v**2. Calculate n(-3).
3
Let o(d) = d**2 + d + 1. Let h(z) = 6*z**2 + 4*z + 3. Let v = -5 - -10. Let x(i) = v*o(i) - h(i). Let j(p) = -p**2 + 6*p - 2. Let a be j(5). Calculate x(a).
-4
Let r(q) = 3 + 1 - q**2 + 5*q - 7. Determine r(3).
3
Let w(l) = -l**2 - 5*l + 3. Let k(c) = c**2 + 6*c + 5. Let h be k(-7). Let y = h - 16. Determine w(y).
7
Let f(n) = -2*n + 2. Let q = -27 + 23. Determine f(q).
10
Let x(f) = -8*f**3 + 1. Suppose 2*a = -0*q - 3*q + 16, 12 = 2*a + 2*q. Let m = -1 + a. Calculate x(m).
-7
Let z(m) be the first derivative of 3*m**4/4 + m**2 + m - 35. Give z(-1).
-4
Let i(c) be the third derivative of c**5/60 - c**4/4 + c**2. Let a be 51/15 - 6/15. Let l be (-5 + a)*(-5)/2. Give i(l).
-5
Let n(v) = -4*v**2 - 41*v - 33. Let r(s) = -5 - 8 + 5 - 10*s - s**2. Let l(w) = 2*n(w) - 9*r(w). Calculate l(-5).
-9
Let t be ((-2)/(-6))/((-3)/9). Let p = t - 0. Let m(c) = -4 - 5*c**3 + 4 - c**2 + 0*c**3. What is m(p)?
4
Suppose 0 = 4*u + x - 12 + 3, -3*x + 11 = 4*u. Let m(i) = -i**2 - 6*i - 6. Let y be m(-4). Let r(j) = -2 + y + 1 - 5*j. Determine r(u).
-9
Suppose -2*z + 1 = 3*l - 4*z, 4*l + 3*z = 24. Suppose -l*n - 4*b = -2*b - 13, 3*b = 3*n - 18. Let r(g) = 1 - 2 - 4*g + g**2 + 0*g**2. Determine r(n).
4
Let o(x) = -x**3 - 3*x**2 + 5*x + 1. Suppose -w = 3*r - 3, -2*r - 4*w = -0*w + 8. Let h(v) = 5 - 2 + 0*v**2 - v**r - 7*v + 1. Let b be h(-8). Give o(b).
-3
Let r(b) = -3*b - b - 5*b**2 + 5*b**2 + b**2. Calculate r(2).
-4
Let v(f) = f**2 + f - 2. Let i = 71 - 73. Determine v(i).
0
Let h(z) be the first derivative of -z**3/3 + 2*z**2 - 4*z + 12. Calculate h(3).
-1
Let v(h) = 3*h - 4. Suppose -2*f + 7 = 5*x - 4*f, -16 = -4*f. Suppose x*t = -4*u - 4, t + 4*u = -17 + 5. What is v(t)?
8
Let j(s) = s**3 + 3*s**2 - 2*s - 2. Let a be j(-3). Suppose -20 = -a*r, 2*n - 3*r + 27 = 6*n. Let c(k) = 2*k - 2. Calculate c(n).
4
Let a(r) = 360*r - 724*r - r**2 + 360*r. Determine a(-3).
3
Let h(j) = j**2 + 5*j + 1. Suppose -8 = 3*w + 5*m, 4*w - 2*m + 0*m = -28. Let p(k) = -k**2 - 5*k - 2. Let i(c) = w*h(c) - 5*p(c). Give i(-6).
-2
Let y(w) = 9*w + 6. Let b = -11 - -8. Let t(r) = -4*r - 3. Let l(a) = b*y(a) -